
True
Is 20662 prime?
False
Is 296187 composite?
True
Is 1070815 prime?
False
Is 843389 a composite number?
True
Is 76819 prime?
True
Is 2059 prime?
False
Is 54751 a composite number?
False
Is 199853 composite?
False
Is 1009 a prime number?
True
Is 171037 composite?
True
Is 74821 composite?
False
Is 4916867 composite?
False
Is 1654 composite?
True
Is 71527 prime?
True
Is 220769 composite?
True
Is 4511 prime?
False
Is 1115 prime?
False
Is 105319 a prime number?
True
Is 68707 a composite number?
True
Is 75093 composite?
True
Is 23459 prime?
True
Is 15101 prime?
True
Is 670609 composite?
True
Is 277687 composite?
False
Is 47563 prime?
True
Is 6823 a composite number?
False
Is 50671 prime?
True
Is 363859 a composite number?
True
Is 65599 composite?
False
Is 19687 a composite number?
False
Is 13641 a composite number?
True
Is 6079 prime?
True
Is 17467 composite?
False
Is 2953 prime?
True
Is 187861 prime?
True
Is 52267 prime?
True
Is 36629 composite?
False
Is 1603 composite?
True
Is 413737 a composite number?
False
Is 3171349 prime?
True
Is 4534 composite?
True
Is 166057 a composite number?
True
Is 30223 a prime number?
True
Is 329 a composite number?
True
Is 10007 composite?
False
Is 20711 composite?
True
Is 492595 a composite number?
True
Is 45523 a composite number?
False
Is 13809 prime?
False
Is 8663 a prime number?
True
Is 24143 prime?
False
Is 2774795 prime?
False
Is 5779 composite?
False
Is 29091 prime?
False
Is 60209 prime?
True
Is 1585 a composite number?
True
Is 313423 a prime number?
False
Is 21509 a prime number?
False
Is 44831 prime?
False
Is 16741 composite?
False
Is 926843 a composite number?
False
Is 5471 a composite number?
False
Is 1087 composite?
False
Is 48017 a composite number?
False
Is 30241 prime?
True
Is 249287 a prime number?
True
Is 68183 a composite number?
True
Is 109589 a composite number?
False
Is 70969 a composite number?
False
Is 9923 a composite number?
False
Is 2316799 a prime number?
False
Is 1959 composite?
True
Is 1068191 composite?
False
Is 34297 a prime number?
True
Is 25709 a composite number?
True
Is 20849 a composite number?
False
Is 214499 prime?
True
Is 1754 composite?
True
Is 783119 prime?
True
Is 123397 composite?
False
Is 50689 composite?
True
Is 36133 a prime number?
False
Is 32947 prime?
False
Is 23665 prime?
False
Is 357853 composite?
True
Is 1304603 prime?
True
Is 31667 a prime number?
True
Is 4467 a prime number?
False
Is 1561 a composite number?
True
Is 1117321 composite?
False
Is 87773 a composite number?
True
Is 69614 a composite number?
True
Is 1544005 composite?
True
Is 4703 a composite number?
False
Is 59459 a composite number?
True
Is 6247 a prime number?
True
Is 235193 composite?
True
Is 388009 a prime number?
True
Is 401707 a prime number?
True
Is 211007 a prime number?
True
Is 2721 prime?
False
Is 691 prime?
True
Is 14167 prime?
False
Is 176863 prime?
False
Is 202471 a composite number?
False
Is 19658 composite?
True
Is 358901 prime?
True
Is 19301 composite?
False
Is 147253 a prime number?
True
Is 14369 a composite number?
False
Is 203 composite?
True
Is 483523 a composite number?
False
Is 192097 prime?
True
Is 409 a composite number?
False
Is 8101 prime?
True
Is 54347 prime?
True
Is 18607 composite?
True
Is 162323 composite?
True
Is 1596941 prime?
True
Is 181421 a prime number?
True
Is 18701 a prime number?
True
Is 4177 a prime number?
True
Is 43 a composite number?
False
Is 29261 a composite number?
True
Is 10363 prime?
False
Is 287435 prime?
False
Is 213847 a prime number?
True
Is 2435 a prime number?
False
Is 67583 composite?
True
Is 173347 a composite number?
False
Is 19563 prime?
False
Is 114371 a composite number?
False
Is 133691 a prime number?
True
Is 1397 a prime number?
False
Is 2602 prime?
False
Is 40649 prime?
False
Is 47563 prime?
True
Is 35023 composite?
False
Is 585107 composite?
False
Is 20419 a prime number?
False
Is 39191 composite?
False
Is 12437 composite?
False
Is 1276861 composite?
False
Is 491 prime?
True
Is 619985 prime?
False
Is 1042813 composite?
True
Is 100209 composite?
True
Is 85873 prime?
False
Is 9407 a composite number?
True
Is 28703 prime?
True
Is 1709 a prime number?
True
Is 2384821 prime?
True
Is 337886 a composite number?
True
Is 8741 a composite number?
False
Is 266429 composite?
True
Is 2354169 a composite number?
True
Is 4547 a composite number?
False
Is 102919 a prime number?
False
Is 91673 a composite number?
False
Is 191523 a composite number?
True
Is 13193 composite?
True
Is 79221 a composite number?
True
Is 1983799 a prime number?
False
Is 11027 a prime number?
True
Is 1087 a composite number?
False
Is 1243415 composite?
True
Is 62473 prime?
True
Is 6469 a prime number?
True
Is 80321 composite?
True
Is 247371 prime?
False
Is 1003517 prime?
True
Is 104869 a composite number?
False
Is 13523 composite?
False
Is 18013 prime?
True
Is 2831 prime?
False
Is 4946 a prime number?
False
Is 1284791 composite?
False
Is 1066811 prime?
True
Is 84662 prime?
False
Is 4661 a composite number?
True
Is 19567 prime?
False
Is 167149 a composite number?
False
Is 171827 composite?
False
Is 215051 composite?
False
Is 42647 prime?
False
Is 87293 composite?
False
Is 277103 a prime number?
False
Is 77339 a composite number?
False
Is 98593 composite?
True
Is 50627 composite?
False
Is 229897 a composite number?
False
Is 237203 a composite number?
False
Is 21767 prime?
True
Is 135578 composite?
True
Is 48281 composite?
False
Is 73415 a composite number?
True
Is 55519 a prime number?
False
Is 84907 composite?
True
Is 795791 a composite number?
False
Is 5873 prime?
False
Is 13369 prime?
False
Is 2213 composite?
False
Is 1647587 a prime number?
False
Is 917 a prime number?
False
Is 74147 composite?
True
Is 86969 a composite number?
False
Is 19331 a prime number?
False
Is 131673 composite?
True
Is 16645 composite?
True
Is 44879 composite?
False
Is 6943067 a composite number?
False
Is 5951 a prime number?
False
Is 348139 a composite number?
True
Is 2291 a prime number?
False
Is 581909 a composite number?
False
Is 14453 prime?
False
Is 55273 prime?
False
Is 1639 prime?
False
Is 661706 prime?
False
Is 9371 a prime number?
True
Is 47777 a composite number?
False
Is 398771 a prime number?
True
Is 3037 a composite number?
False
Is 6913 composite?
True
Is 9535 a prime number?
False
Is 190471 prime?
True
Is 151769 a prime number?
True
Is 37117 a composite number?
False
Is 1448557 a prime number?
False
Is 48163 prime?
True
Is 8654 composite?
True
Is 185109 prime?
False
Is 371 prime?
False
Is 15311 a composite number?
True
Is 33265 composite?
True
Is 72323 a prime number?
False
Is 24329 composite?
False
Is 3155 a composite number?
True
Is 66039 a composite number?
True
Is 27427 a prime number?
True
Is 2465227 prime?
True
Is 7039 prime?
True
Is 359 a prime number?
True
Is 22823 composite?
True
Is 13901 prime?
True
Is 107161 prime?
False
Is 9959 a prime number?
False
Is 216023 prime?
True
Is 638527 composite?
False
Is 289 composite?
True
Is 803774 composite?
True
Is 666797 composite?
True
Is 476831 a prime number?
True
Is 79939 a prime number?
True
Is 9181 composite?
False
Is 62185 a composite number?
True
Is 65677 prime?
True
Is 1009 a prime number?
True
Is 78423 prime?
False
Is 2124127 composite?
False
Is 69733 a prime number?
False
Is 26797 composite?
True
Is 223981 a prime number?
False
Is 42659 a prime number?
False
Is 91837 composite?
False
Is 4327 composite?
False
Is 24227 composite?
True
Is 68171 composite?
False
Is 245513 prime?
True
Is 7669 prime?
True
Is 20477 prime?
True
Is 65179 composite?
False
Is 1139249 composite?
False
Is 7901 a prime number?
True
Is 56081 prime?
True
Is 43034 prime?
False
Is 376979 prime?
False
Is 43541 a prime number?
True
Is 127123 prime?
True
Is 120203 prime?
False
Is 2442383 a composite number?
False
Is 45709 a prime number?
False
Is 1193 a composite number?
False
Is 162649 a prime number?
True
Is 80863 prime?
True
Is 438338 a composite number?
True
Is 90203 composite?
False
Is 13211 prime?
False
Is 109199 composite?
False
Is 703 a prime number?
False
Is 2627 composite?
True
Is 33851 composite?
False
Is 16429 a composite number?
True
Is 249127 a prime number?
True
Is 15791 prime?
True
Is 2988031 a prime number?
False
Is 37831 a composite number?
